{"id":18,"date":"2022-08-31T15:06:38","date_gmt":"2022-08-31T13:06:38","guid":{"rendered":"https:\/\/marcinantosz.pl\/sklep\/?post_type=product&#038;p=18"},"modified":"2022-08-31T15:12:04","modified_gmt":"2022-08-31T13:12:04","slug":"twoj-pierwszy-produkt-online-ebook","status":"publish","type":"product","link":"https:\/\/marcinantosz.pl\/sklep\/produkt\/twoj-pierwszy-produkt-online-ebook\/","title":{"rendered":"Tw\u00f3j pierwszy produkt online &#8211; ebook."},"content":{"rendered":"<p>Stw\u00f3rz sw\u00f3j pierwszy produkt online<\/p>\n","protected":false},"excerpt":{"rendered":"<p>Stw\u00f3rz sw\u00f3j pierwszy produkt online<\/p>\n","protected":false},"featured_media":0,"comment_status":"closed","ping_status":"closed","template":"","meta":[],"product_brand":[],"product_cat":[15],"product_tag":[],"class_list":{"0":"post-18","1":"product","2":"type-product","3":"status-publish","5":"product_cat-bez-kategorii","7":"first","8":"instock","9":"virtual","10":"taxable","11":"purchasable","12":"product-type-simple"},"_links":{"self":[{"href":"https:\/\/marcinantosz.pl\/sklep\/wp-json\/wp\/v2\/product\/18","targetHints":{"allow":["GET"]}}],"collection":[{"href":"https:\/\/marcinantosz.pl\/sklep\/wp-json\/wp\/v2\/product"}],"about":[{"href":"https:\/\/marcinantosz.pl\/sklep\/wp-json\/wp\/v2\/types\/product"}],"replies":[{"embeddable":true,"href":"https:\/\/marcinantosz.pl\/sklep\/wp-json\/wp\/v2\/comments?post=18"}],"wp:attachment":[{"href":"https:\/\/marcinantosz.pl\/sklep\/wp-json\/wp\/v2\/media?parent=18"}],"wp:term":[{"taxonomy":"product_brand","embeddable":true,"href":"https:\/\/marcinantosz.pl\/sklep\/wp-json\/wp\/v2\/product_brand?post=18"},{"taxonomy":"product_cat","embeddable":true,"href":"https:\/\/marcinantosz.pl\/sklep\/wp-json\/wp\/v2\/product_cat?post=18"},{"taxonomy":"product_tag","embeddable":true,"href":"https:\/\/marcinantosz.pl\/sklep\/wp-json\/wp\/v2\/product_tag?post=18"}],"curies":[{"name":"wp","href":"https:\/\/api.w.org\/{rel}","templated":true}]}}